{"id":4462,"date":"2024-04-10T07:49:18","date_gmt":"2024-04-10T05:49:18","guid":{"rendered":"https:\/\/lafabbricadelpanforte.sviluppo.host\/prodotto\/panforte-mit-feigen-und-walnuessen\/"},"modified":"2026-08-27T10:42:16","modified_gmt":"2026-08-27T10:42:16","slug":"panforte-mit-feigen-und-walnuessen","status":"publish","type":"product","link":"https:\/\/lafabbricadelpanforte.sviluppo.host\/de\/prodotto\/panforte-mit-feigen-und-walnuessen\/","title":{"rendered":"Panforte mit Feigen und Waln\u00fcssen"},"content":{"rendered":"<p>Entdecken Sie unseren Panforte mit Feigen und Waln\u00fcssen oder genie\u00dfen Sie ihn erneut: eine Neuinterpretation eines alten Rezepts des klassischen Panforte. F\u00fcr diese Variante des Panforte verwenden wir getrocknete Feigen und Waln\u00fcsse, die an die typischen Aromen des Herbstes in Siena erinnern. Eine Variante, die \u00fcberrascht und es wert ist, neu entdeckt zu werden.  <\/p>\n","protected":false},"excerpt":{"rendered":"<p>Entdecken Sie unseren Panforte mit Feigen und Waln\u00fcssen oder genie\u00dfen Sie ihn erneut: eine Neuinterpretation eines alten Rezepts des klassischen Panforte. F\u00fcr diese Variante des Panforte verwenden wir getrocknete Feigen und Waln\u00fcsse, die an die typischen Aromen des Herbstes in Siena erinnern. Eine Variante, die \u00fcberrascht und es wert ist, neu entdeckt zu werden.  <\/p>\n","protected":false},"featured_media":4464,"template":"","meta":{"_acf_changed":false},"product_brand":[],"product_cat":[169],"product_tag":[170],"class_list":["post-4462","product","type-product","status-publish","has-post-thumbnail","product_cat-panforte","product_tag-traditionelle-susspeisen-aus-siena","first","instock","taxable","shipping-taxable","purchasable","product-type-variable"],"acf":[],"yoast_head":"<!-- This site is optimized with the Yoast SEO plugin v28.0 - https:\/\/yoast.com\/product\/yoast-seo-wordpress\/ -->\n<title>Panforte mit Feigen und Waln\u00fcssen - La Fabbrica del Panforte<\/title>\n<meta name=\"robots\" content=\"index, follow, max-snippet:-1, max-image-preview:large, max-video-preview:-1\" \/>\n<link rel=\"canonical\" href=\"https:\/\/lafabbricadelpanforte.sviluppo.host\/de\/prodotto\/panforte-mit-feigen-und-walnuessen\/\" \/>\n<meta property=\"og:locale\" content=\"de_DE\" \/>\n<meta property=\"og:type\" content=\"article\" \/>\n<meta property=\"og:title\" content=\"Panforte mit Feigen und Waln\u00fcssen - La Fabbrica del Panforte\" \/>\n<meta property=\"og:description\" content=\"Entdecken Sie unseren Panforte mit Feigen und Waln\u00fcssen oder genie\u00dfen Sie ihn erneut: eine Neuinterpretation eines alten Rezepts des klassischen Panforte. F\u00fcr diese Variante des Panforte verwenden wir getrocknete Feigen und Waln\u00fcsse, die an die typischen Aromen des Herbstes in Siena erinnern. Eine Variante, die \u00fcberrascht und es wert ist, neu entdeckt zu werden.\" \/>\n<meta property=\"og:url\" content=\"https:\/\/lafabbricadelpanforte.sviluppo.host\/de\/prodotto\/panforte-mit-feigen-und-walnuessen\/\" \/>\n<meta property=\"og:site_name\" content=\"La Fabbrica del Panforte\" \/>\n<meta property=\"article:modified_time\" content=\"2026-08-27T10:42:16+00:00\" \/>\n<meta property=\"og:image\" content=\"https:\/\/lafabbricadelpanforte.sviluppo.host\/wp-content\/uploads\/2026\/06\/Fichi-e-Noci.jpg\" \/>\n\t<meta property=\"og:image:width\" content=\"2400\" \/>\n\t<meta property=\"og:image:height\" content=\"1600\" \/>\n\t<meta property=\"og:image:type\" content=\"image\/jpeg\" \/>\n<meta name=\"twitter:card\" content=\"summary_large_image\" \/>\n<script type=\"application\/ld+json\" class=\"yoast-schema-graph\">{\"@context\":\"https:\\\/\\\/schema.org\",\"@graph\":[{\"@type\":\"WebPage\",\"@id\":\"https:\\\/\\\/lafabbricadelpanforte.sviluppo.host\\\/de\\\/prodotto\\\/panforte-mit-feigen-und-walnuessen\\\/\",\"url\":\"https:\\\/\\\/lafabbricadelpanforte.sviluppo.host\\\/de\\\/prodotto\\\/panforte-mit-feigen-und-walnuessen\\\/\",\"name\":\"Panforte mit Feigen und Waln\u00fcssen - La Fabbrica del Panforte\",\"isPartOf\":{\"@id\":\"https:\\\/\\\/lafabbricadelpanforte.sviluppo.host\\\/de\\\/#website\"},\"primaryImageOfPage\":{\"@id\":\"https:\\\/\\\/lafabbricadelpanforte.sviluppo.host\\\/de\\\/prodotto\\\/panforte-mit-feigen-und-walnuessen\\\/#primaryimage\"},\"image\":{\"@id\":\"https:\\\/\\\/lafabbricadelpanforte.sviluppo.host\\\/de\\\/prodotto\\\/panforte-mit-feigen-und-walnuessen\\\/#primaryimage\"},\"thumbnailUrl\":\"https:\\\/\\\/lafabbricadelpanforte.sviluppo.host\\\/wp-content\\\/uploads\\\/2026\\\/06\\\/Fichi-e-Noci.jpg\",\"datePublished\":\"2024-04-10T05:49:18+00:00\",\"dateModified\":\"2026-08-27T10:42:16+00:00\",\"breadcrumb\":{\"@id\":\"https:\\\/\\\/lafabbricadelpanforte.sviluppo.host\\\/de\\\/prodotto\\\/panforte-mit-feigen-und-walnuessen\\\/#breadcrumb\"},\"inLanguage\":\"de\",\"potentialAction\":[{\"@type\":\"ReadAction\",\"target\":[\"https:\\\/\\\/lafabbricadelpanforte.sviluppo.host\\\/de\\\/prodotto\\\/panforte-mit-feigen-und-walnuessen\\\/\"]}]},{\"@type\":\"ImageObject\",\"inLanguage\":\"de\",\"@id\":\"https:\\\/\\\/lafabbricadelpanforte.sviluppo.host\\\/de\\\/prodotto\\\/panforte-mit-feigen-und-walnuessen\\\/#primaryimage\",\"url\":\"https:\\\/\\\/lafabbricadelpanforte.sviluppo.host\\\/wp-content\\\/uploads\\\/2026\\\/06\\\/Fichi-e-Noci.jpg\",\"contentUrl\":\"https:\\\/\\\/lafabbricadelpanforte.sviluppo.host\\\/wp-content\\\/uploads\\\/2026\\\/06\\\/Fichi-e-Noci.jpg\",\"width\":2400,\"height\":1600},{\"@type\":\"BreadcrumbList\",\"@id\":\"https:\\\/\\\/lafabbricadelpanforte.sviluppo.host\\\/de\\\/prodotto\\\/panforte-mit-feigen-und-walnuessen\\\/#breadcrumb\",\"itemListElement\":[{\"@type\":\"ListItem\",\"position\":1,\"name\":\"Home\",\"item\":\"https:\\\/\\\/lafabbricadelpanforte.sviluppo.host\\\/de\\\/die-panforte-manufaktur\\\/\"},{\"@type\":\"ListItem\",\"position\":2,\"name\":\"Shop\",\"item\":\"https:\\\/\\\/lafabbricadelpanforte.sviluppo.host\\\/de\\\/shop\\\/\"},{\"@type\":\"ListItem\",\"position\":3,\"name\":\"Panforte mit Feigen und Waln\u00fcssen\"}]},{\"@type\":\"WebSite\",\"@id\":\"https:\\\/\\\/lafabbricadelpanforte.sviluppo.host\\\/de\\\/#website\",\"url\":\"https:\\\/\\\/lafabbricadelpanforte.sviluppo.host\\\/de\\\/\",\"name\":\"La Fabbrica del Panforte\",\"description\":\"Dolci tipici senesi\",\"publisher\":{\"@id\":\"https:\\\/\\\/lafabbricadelpanforte.sviluppo.host\\\/de\\\/#organization\"},\"potentialAction\":[{\"@type\":\"SearchAction\",\"target\":{\"@type\":\"EntryPoint\",\"urlTemplate\":\"https:\\\/\\\/lafabbricadelpanforte.sviluppo.host\\\/de\\\/?s={search_term_string}\"},\"query-input\":{\"@type\":\"PropertyValueSpecification\",\"valueRequired\":true,\"valueName\":\"search_term_string\"}}],\"inLanguage\":\"de\"},{\"@type\":\"Organization\",\"@id\":\"https:\\\/\\\/lafabbricadelpanforte.sviluppo.host\\\/de\\\/#organization\",\"name\":\"La Fabbrica del Panforte\",\"url\":\"https:\\\/\\\/lafabbricadelpanforte.sviluppo.host\\\/de\\\/\",\"logo\":{\"@type\":\"ImageObject\",\"inLanguage\":\"de\",\"@id\":\"https:\\\/\\\/lafabbricadelpanforte.sviluppo.host\\\/de\\\/#\\\/schema\\\/logo\\\/image\\\/\",\"url\":\"https:\\\/\\\/lafabbricadelpanforte.sviluppo.host\\\/wp-content\\\/uploads\\\/2026\\\/06\\\/logo_laFabbricadelPanforte.webp\",\"contentUrl\":\"https:\\\/\\\/lafabbricadelpanforte.sviluppo.host\\\/wp-content\\\/uploads\\\/2026\\\/06\\\/logo_laFabbricadelPanforte.webp\",\"width\":2560,\"height\":1949,\"caption\":\"La Fabbrica del Panforte\"},\"image\":{\"@id\":\"https:\\\/\\\/lafabbricadelpanforte.sviluppo.host\\\/de\\\/#\\\/schema\\\/logo\\\/image\\\/\"}}]}<\/script>\n<!-- \/ Yoast SEO plugin. -->","yoast_head_json":{"title":"Panforte mit Feigen und Waln\u00fcssen - La Fabbrica del Panforte","robots":{"index":"index","follow":"follow","max-snippet":"max-snippet:-1","max-image-preview":"max-image-preview:large","max-video-preview":"max-video-preview:-1"},"canonical":"https:\/\/lafabbricadelpanforte.sviluppo.host\/de\/prodotto\/panforte-mit-feigen-und-walnuessen\/","og_locale":"de_DE","og_type":"article","og_title":"Panforte mit Feigen und Waln\u00fcssen - La Fabbrica del Panforte","og_description":"Entdecken Sie unseren Panforte mit Feigen und Waln\u00fcssen oder genie\u00dfen Sie ihn erneut: eine Neuinterpretation eines alten Rezepts des klassischen Panforte. F\u00fcr diese Variante des Panforte verwenden wir getrocknete Feigen und Waln\u00fcsse, die an die typischen Aromen des Herbstes in Siena erinnern. Eine Variante, die \u00fcberrascht und es wert ist, neu entdeckt zu werden.","og_url":"https:\/\/lafabbricadelpanforte.sviluppo.host\/de\/prodotto\/panforte-mit-feigen-und-walnuessen\/","og_site_name":"La Fabbrica del Panforte","article_modified_time":"2026-08-27T10:42:16+00:00","og_image":[{"width":2400,"height":1600,"url":"https:\/\/lafabbricadelpanforte.sviluppo.host\/wp-content\/uploads\/2026\/06\/Fichi-e-Noci.jpg","type":"image\/jpeg"}],"twitter_card":"summary_large_image","schema":{"@context":"https:\/\/schema.org","@graph":[{"@type":"WebPage","@id":"https:\/\/lafabbricadelpanforte.sviluppo.host\/de\/prodotto\/panforte-mit-feigen-und-walnuessen\/","url":"https:\/\/lafabbricadelpanforte.sviluppo.host\/de\/prodotto\/panforte-mit-feigen-und-walnuessen\/","name":"Panforte mit Feigen und Waln\u00fcssen - La Fabbrica del Panforte","isPartOf":{"@id":"https:\/\/lafabbricadelpanforte.sviluppo.host\/de\/#website"},"primaryImageOfPage":{"@id":"https:\/\/lafabbricadelpanforte.sviluppo.host\/de\/prodotto\/panforte-mit-feigen-und-walnuessen\/#primaryimage"},"image":{"@id":"https:\/\/lafabbricadelpanforte.sviluppo.host\/de\/prodotto\/panforte-mit-feigen-und-walnuessen\/#primaryimage"},"thumbnailUrl":"https:\/\/lafabbricadelpanforte.sviluppo.host\/wp-content\/uploads\/2026\/06\/Fichi-e-Noci.jpg","datePublished":"2024-04-10T05:49:18+00:00","dateModified":"2026-08-27T10:42:16+00:00","breadcrumb":{"@id":"https:\/\/lafabbricadelpanforte.sviluppo.host\/de\/prodotto\/panforte-mit-feigen-und-walnuessen\/#breadcrumb"},"inLanguage":"de","potentialAction":[{"@type":"ReadAction","target":["https:\/\/lafabbricadelpanforte.sviluppo.host\/de\/prodotto\/panforte-mit-feigen-und-walnuessen\/"]}]},{"@type":"ImageObject","inLanguage":"de","@id":"https:\/\/lafabbricadelpanforte.sviluppo.host\/de\/prodotto\/panforte-mit-feigen-und-walnuessen\/#primaryimage","url":"https:\/\/lafabbricadelpanforte.sviluppo.host\/wp-content\/uploads\/2026\/06\/Fichi-e-Noci.jpg","contentUrl":"https:\/\/lafabbricadelpanforte.sviluppo.host\/wp-content\/uploads\/2026\/06\/Fichi-e-Noci.jpg","width":2400,"height":1600},{"@type":"BreadcrumbList","@id":"https:\/\/lafabbricadelpanforte.sviluppo.host\/de\/prodotto\/panforte-mit-feigen-und-walnuessen\/#breadcrumb","itemListElement":[{"@type":"ListItem","position":1,"name":"Home","item":"https:\/\/lafabbricadelpanforte.sviluppo.host\/de\/die-panforte-manufaktur\/"},{"@type":"ListItem","position":2,"name":"Shop","item":"https:\/\/lafabbricadelpanforte.sviluppo.host\/de\/shop\/"},{"@type":"ListItem","position":3,"name":"Panforte mit Feigen und Waln\u00fcssen"}]},{"@type":"WebSite","@id":"https:\/\/lafabbricadelpanforte.sviluppo.host\/de\/#website","url":"https:\/\/lafabbricadelpanforte.sviluppo.host\/de\/","name":"La Fabbrica del Panforte","description":"Dolci tipici senesi","publisher":{"@id":"https:\/\/lafabbricadelpanforte.sviluppo.host\/de\/#organization"},"potentialAction":[{"@type":"SearchAction","target":{"@type":"EntryPoint","urlTemplate":"https:\/\/lafabbricadelpanforte.sviluppo.host\/de\/?s={search_term_string}"},"query-input":{"@type":"PropertyValueSpecification","valueRequired":true,"valueName":"search_term_string"}}],"inLanguage":"de"},{"@type":"Organization","@id":"https:\/\/lafabbricadelpanforte.sviluppo.host\/de\/#organization","name":"La Fabbrica del Panforte","url":"https:\/\/lafabbricadelpanforte.sviluppo.host\/de\/","logo":{"@type":"ImageObject","inLanguage":"de","@id":"https:\/\/lafabbricadelpanforte.sviluppo.host\/de\/#\/schema\/logo\/image\/","url":"https:\/\/lafabbricadelpanforte.sviluppo.host\/wp-content\/uploads\/2026\/06\/logo_laFabbricadelPanforte.webp","contentUrl":"https:\/\/lafabbricadelpanforte.sviluppo.host\/wp-content\/uploads\/2026\/06\/logo_laFabbricadelPanforte.webp","width":2560,"height":1949,"caption":"La Fabbrica del Panforte"},"image":{"@id":"https:\/\/lafabbricadelpanforte.sviluppo.host\/de\/#\/schema\/logo\/image\/"}}]}},"_links":{"self":[{"href":"https:\/\/lafabbricadelpanforte.sviluppo.host\/de\/wp-json\/wp\/v2\/product\/4462","targetHints":{"allow":["GET"]}}],"collection":[{"href":"https:\/\/lafabbricadelpanforte.sviluppo.host\/de\/wp-json\/wp\/v2\/product"}],"about":[{"href":"https:\/\/lafabbricadelpanforte.sviluppo.host\/de\/wp-json\/wp\/v2\/types\/product"}],"version-history":[{"count":1,"href":"https:\/\/lafabbricadelpanforte.sviluppo.host\/de\/wp-json\/wp\/v2\/product\/4462\/revisions"}],"predecessor-version":[{"id":4998,"href":"https:\/\/lafabbricadelpanforte.sviluppo.host\/de\/wp-json\/wp\/v2\/product\/4462\/revisions\/4998"}],"wp:featuredmedia":[{"embeddable":true,"href":"https:\/\/lafabbricadelpanforte.sviluppo.host\/de\/wp-json\/wp\/v2\/media\/4464"}],"wp:attachment":[{"href":"https:\/\/lafabbricadelpanforte.sviluppo.host\/de\/wp-json\/wp\/v2\/media?parent=4462"}],"wp:term":[{"taxonomy":"product_brand","embeddable":true,"href":"https:\/\/lafabbricadelpanforte.sviluppo.host\/de\/wp-json\/wp\/v2\/product_brand?post=4462"},{"taxonomy":"product_cat","embeddable":true,"href":"https:\/\/lafabbricadelpanforte.sviluppo.host\/de\/wp-json\/wp\/v2\/product_cat?post=4462"},{"taxonomy":"product_tag","embeddable":true,"href":"https:\/\/lafabbricadelpanforte.sviluppo.host\/de\/wp-json\/wp\/v2\/product_tag?post=4462"}],"curies":[{"name":"wp","href":"https:\/\/api.w.org\/{rel}","templated":true}]}}

Panforte mit Feigen und Walnüssen

<p>Entdecken Sie unseren Panforte mit Feigen und Walnüssen oder genießen Sie ihn erneut: eine Neuinterpretation eines alten Rezepts des klassischen Panforte. Für diese Variante des Panforte verwenden wir getrocknete Feigen und Walnüsse, die an die typischen Aromen des Herbstes in Siena erinnern. Eine Variante, die überrascht und es wert ist, neu entdeckt zu werden.  </p>

<!-- This site is optimized with the Yoast SEO plugin v28.0 - https://yoast.com/product/yoast-seo-wordpress/ -->
<title>Panforte mit Feigen und Walnüssen - La Fabbrica del Panforte</title>
<meta name="robots" content="index, follow, max-snippet:-1, max-image-preview:large, max-video-preview:-1" />
<link rel="canonical" href="https://lafabbricadelpanforte.sviluppo.host/de/prodotto/panforte-mit-feigen-und-walnuessen/" />
<meta property="og:locale" content="de_DE" />
<meta property="og:type" content="article" />
<meta property="og:title" content="Panforte mit Feigen und Walnüssen - La Fabbrica del Panforte" />
<meta property="og:description" content="Entdecken Sie unseren Panforte mit Feigen und Walnüssen oder genießen Sie ihn erneut: eine Neuinterpretation eines alten Rezepts des klassischen Panforte. Für diese Variante des Panforte verwenden wir getrocknete Feigen und Walnüsse, die an die typischen Aromen des Herbstes in Siena erinnern. Eine Variante, die überrascht und es wert ist, neu entdeckt zu werden." />
<meta property="og:url" content="https://lafabbricadelpanforte.sviluppo.host/de/prodotto/panforte-mit-feigen-und-walnuessen/" />
<meta property="og:site_name" content="La Fabbrica del Panforte" />
<meta property="article:modified_time" content="2026-08-27T10:42:16+00:00" />
<meta property="og:image" content="https://lafabbricadelpanforte.sviluppo.host/wp-content/uploads/2026/06/Fichi-e-Noci.jpg" />
	<meta property="og:image:width" content="2400" />
	<meta property="og:image:height" content="1600" />
	<meta property="og:image:type" content="image/jpeg" />
<meta name="twitter:card" content="summary_large_image" />
<script type="application/ld+json" class="yoast-schema-graph">{"@context":"https:\/\/schema.org","@graph":[{"@type":"WebPage","@id":"https:\/\/lafabbricadelpanforte.sviluppo.host\/de\/prodotto\/panforte-mit-feigen-und-walnuessen\/","url":"https:\/\/lafabbricadelpanforte.sviluppo.host\/de\/prodotto\/panforte-mit-feigen-und-walnuessen\/","name":"Panforte mit Feigen und Walnüssen - La Fabbrica del Panforte","isPartOf":{"@id":"https:\/\/lafabbricadelpanforte.sviluppo.host\/de\/#website"},"primaryImageOfPage":{"@id":"https:\/\/lafabbricadelpanforte.sviluppo.host\/de\/prodotto\/panforte-mit-feigen-und-walnuessen\/#primaryimage"},"image":{"@id":"https:\/\/lafabbricadelpanforte.sviluppo.host\/de\/prodotto\/panforte-mit-feigen-und-walnuessen\/#primaryimage"},"thumbnailUrl":"https:\/\/lafabbricadelpanforte.sviluppo.host\/wp-content\/uploads\/2026\/06\/Fichi-e-Noci.jpg","datePublished":"2024-04-10T05:49:18+00:00","dateModified":"2026-08-27T10:42:16+00:00","breadcrumb":{"@id":"https:\/\/lafabbricadelpanforte.sviluppo.host\/de\/prodotto\/panforte-mit-feigen-und-walnuessen\/#breadcrumb"},"inLanguage":"de","potentialAction":[{"@type":"ReadAction","target":["https:\/\/lafabbricadelpanforte.sviluppo.host\/de\/prodotto\/panforte-mit-feigen-und-walnuessen\/"]}]},{"@type":"ImageObject","inLanguage":"de","@id":"https:\/\/lafabbricadelpanforte.sviluppo.host\/de\/prodotto\/panforte-mit-feigen-und-walnuessen\/#primaryimage","url":"https:\/\/lafabbricadelpanforte.sviluppo.host\/wp-content\/uploads\/2026\/06\/Fichi-e-Noci.jpg","contentUrl":"https:\/\/lafabbricadelpanforte.sviluppo.host\/wp-content\/uploads\/2026\/06\/Fichi-e-Noci.jpg","width":2400,"height":1600},{"@type":"BreadcrumbList","@id":"https:\/\/lafabbricadelpanforte.sviluppo.host\/de\/prodotto\/panforte-mit-feigen-und-walnuessen\/#breadcrumb","itemListElement":[{"@type":"ListItem","position":1,"name":"Home","item":"https:\/\/lafabbricadelpanforte.sviluppo.host\/de\/die-panforte-manufaktur\/"},{"@type":"ListItem","position":2,"name":"Shop","item":"https:\/\/lafabbricadelpanforte.sviluppo.host\/de\/shop\/"},{"@type":"ListItem","position":3,"name":"Panforte mit Feigen und Walnüssen"}]},{"@type":"WebSite","@id":"https:\/\/lafabbricadelpanforte.sviluppo.host\/de\/#website","url":"https:\/\/lafabbricadelpanforte.sviluppo.host\/de\/","name":"La Fabbrica del Panforte","description":"Dolci tipici senesi","publisher":{"@id":"https:\/\/lafabbricadelpanforte.sviluppo.host\/de\/#organization"},"potentialAction":[{"@type":"SearchAction","target":{"@type":"EntryPoint","urlTemplate":"https:\/\/lafabbricadelpanforte.sviluppo.host\/de\/?s={search_term_string}"},"query-input":{"@type":"PropertyValueSpecification","valueRequired":true,"valueName":"search_term_string"}}],"inLanguage":"de"},{"@type":"Organization","@id":"https:\/\/lafabbricadelpanforte.sviluppo.host\/de\/#organization","name":"La Fabbrica del Panforte","url":"https:\/\/lafabbricadelpanforte.sviluppo.host\/de\/","logo":{"@type":"ImageObject","inLanguage":"de","@id":"https:\/\/lafabbricadelpanforte.sviluppo.host\/de\/#\/schema\/logo\/image\/","url":"https:\/\/lafabbricadelpanforte.sviluppo.host\/wp-content\/uploads\/2026\/06\/logo_laFabbricadelPanforte.webp","contentUrl":"https:\/\/lafabbricadelpanforte.sviluppo.host\/wp-content\/uploads\/2026\/06\/logo_laFabbricadelPanforte.webp","width":2560,"height":1949,"caption":"La Fabbrica del Panforte"},"image":{"@id":"https:\/\/lafabbricadelpanforte.sviluppo.host\/de\/#\/schema\/logo\/image\/"}}]}</script>
<!-- / Yoast SEO plugin. -->

Panforte mit Feigen und Walnüssen - La Fabbrica del Panforte

Entdecken Sie unseren Panforte mit Feigen und Walnüssen oder genießen Sie ihn erneut: eine Neuinterpretation eines alten Rezepts des klassischen Panforte. Für diese Variante des Panforte verwenden wir getrocknete Feigen und Walnüsse, die an die typischen Aromen des Herbstes in Siena erinnern. Eine Variante, die überrascht und es wert ist, neu entdeckt zu werden.
