{"id":4857,"date":"2020-09-25T19:55:55","date_gmt":"2020-09-25T17:55:55","guid":{"rendered":"https:\/\/lafabbricadelpanforte.sviluppo.host\/prodotto\/biscuits-au-riz-et-aux-amandes\/"},"modified":"2020-09-25T19:55:55","modified_gmt":"2020-09-25T19:55:55","slug":"biscuits-au-riz-et-aux-amandes","status":"publish","type":"product","link":"https:\/\/lafabbricadelpanforte.sviluppo.host\/fr\/prodotto\/biscuits-au-riz-et-aux-amandes\/","title":{"rendered":"Biscuits au riz et aux amandes"},"content":{"rendered":"<p>D\u00e9couvrez ou red\u00e9couvrez nos petits biscuits au riz et aux amandes, issus d&rsquo;une fabrication artisanale \u00e0 partir de mati\u00e8res premi\u00e8res d&rsquo;excellente qualit\u00e9, notamment du sucre, des \u0153ufs, du beurre, du riz et des amandes. Les amandes douces et am\u00e8res que nous utilisons pour la pr\u00e9paration de ce biscuit sont de la meilleure qualit\u00e9 et s\u00e9lectionn\u00e9es \u00e0 la main afin d\u2019\u00e9viter toute impuret\u00e9. Elles sont d\u2019origine italienne, principalement des Pouilles, tendres, savoureuses et riches en huiles essentielles qui caract\u00e9risent leur parfum. La texture du biscuit est croustillante d\u00e8s la premi\u00e8re bouch\u00e9e, mais gr\u00e2ce au beurre de premi\u00e8re qualit\u00e9, il fond imm\u00e9diatement en bouche, lib\u00e9rant ainsi toute sa douceur.   <\/p>\n","protected":false},"excerpt":{"rendered":"<p>Description<\/p>\n","protected":false},"featured_media":4858,"template":"","meta":{"_acf_changed":false},"product_brand":[],"product_cat":[217],"product_tag":[192],"class_list":["post-4857","product","type-product","status-publish","has-post-thumbnail","product_cat-les-biscuits","product_tag-les-delices-de-la-fabrique-du-panforte","first","outofstock","taxable","shipping-taxable","purchasable","product-type-simple"],"acf":[],"yoast_head":"<!-- This site is optimized with the Yoast SEO plugin v28.0 - https:\/\/yoast.com\/product\/yoast-seo-wordpress\/ -->\n<title>Biscuits au riz et aux amandes - La Fabbrica del Panforte<\/title>\n<meta name=\"robots\" content=\"index, follow, max-snippet:-1, max-image-preview:large, max-video-preview:-1\" \/>\n<link rel=\"canonical\" href=\"https:\/\/lafabbricadelpanforte.sviluppo.host\/fr\/prodotto\/biscuits-au-riz-et-aux-amandes\/\" \/>\n<meta property=\"og:locale\" content=\"fr_FR\" \/>\n<meta property=\"og:type\" content=\"article\" \/>\n<meta property=\"og:title\" content=\"Biscuits au riz et aux amandes - La Fabbrica del Panforte\" \/>\n<meta property=\"og:description\" content=\"Description\" \/>\n<meta property=\"og:url\" content=\"https:\/\/lafabbricadelpanforte.sviluppo.host\/fr\/prodotto\/biscuits-au-riz-et-aux-amandes\/\" \/>\n<meta property=\"og:site_name\" content=\"La Fabbrica del Panforte\" \/>\n<meta property=\"article:modified_time\" content=\"2020-09-25T19:55:55+00:00\" \/>\n<meta property=\"og:image\" content=\"https:\/\/lafabbricadelpanforte.sviluppo.host\/wp-content\/uploads\/2020\/09\/101b-Biscotti-riso-e-mandorle.jpg\" \/>\n\t<meta property=\"og:image:width\" content=\"1920\" \/>\n\t<meta property=\"og:image:height\" content=\"1280\" \/>\n\t<meta property=\"og:image:type\" content=\"image\/jpeg\" \/>\n<meta name=\"twitter:card\" content=\"summary_large_image\" \/>\n<meta name=\"twitter:label1\" content=\"Dur\u00e9e de lecture estim\u00e9e\" \/>\n\t<meta name=\"twitter:data1\" content=\"1 minute\" \/>\n<script type=\"application\/ld+json\" class=\"yoast-schema-graph\">{\"@context\":\"https:\\\/\\\/schema.org\",\"@graph\":[{\"@type\":\"WebPage\",\"@id\":\"https:\\\/\\\/lafabbricadelpanforte.sviluppo.host\\\/fr\\\/prodotto\\\/biscuits-au-riz-et-aux-amandes\\\/\",\"url\":\"https:\\\/\\\/lafabbricadelpanforte.sviluppo.host\\\/fr\\\/prodotto\\\/biscuits-au-riz-et-aux-amandes\\\/\",\"name\":\"Biscuits au riz et aux amandes - La Fabbrica del Panforte\",\"isPartOf\":{\"@id\":\"https:\\\/\\\/lafabbricadelpanforte.sviluppo.host\\\/fr\\\/#website\"},\"primaryImageOfPage\":{\"@id\":\"https:\\\/\\\/lafabbricadelpanforte.sviluppo.host\\\/fr\\\/prodotto\\\/biscuits-au-riz-et-aux-amandes\\\/#primaryimage\"},\"image\":{\"@id\":\"https:\\\/\\\/lafabbricadelpanforte.sviluppo.host\\\/fr\\\/prodotto\\\/biscuits-au-riz-et-aux-amandes\\\/#primaryimage\"},\"thumbnailUrl\":\"https:\\\/\\\/lafabbricadelpanforte.sviluppo.host\\\/wp-content\\\/uploads\\\/2020\\\/09\\\/101b-Biscotti-riso-e-mandorle.jpg\",\"datePublished\":\"2020-09-25T17:55:55+00:00\",\"dateModified\":\"2020-09-25T19:55:55+00:00\",\"breadcrumb\":{\"@id\":\"https:\\\/\\\/lafabbricadelpanforte.sviluppo.host\\\/fr\\\/prodotto\\\/biscuits-au-riz-et-aux-amandes\\\/#breadcrumb\"},\"inLanguage\":\"fr-FR\",\"potentialAction\":[{\"@type\":\"ReadAction\",\"target\":[\"https:\\\/\\\/lafabbricadelpanforte.sviluppo.host\\\/fr\\\/prodotto\\\/biscuits-au-riz-et-aux-amandes\\\/\"]}]},{\"@type\":\"ImageObject\",\"inLanguage\":\"fr-FR\",\"@id\":\"https:\\\/\\\/lafabbricadelpanforte.sviluppo.host\\\/fr\\\/prodotto\\\/biscuits-au-riz-et-aux-amandes\\\/#primaryimage\",\"url\":\"https:\\\/\\\/lafabbricadelpanforte.sviluppo.host\\\/wp-content\\\/uploads\\\/2020\\\/09\\\/101b-Biscotti-riso-e-mandorle.jpg\",\"contentUrl\":\"https:\\\/\\\/lafabbricadelpanforte.sviluppo.host\\\/wp-content\\\/uploads\\\/2020\\\/09\\\/101b-Biscotti-riso-e-mandorle.jpg\",\"width\":1920,\"height\":1280},{\"@type\":\"BreadcrumbList\",\"@id\":\"https:\\\/\\\/lafabbricadelpanforte.sviluppo.host\\\/fr\\\/prodotto\\\/biscuits-au-riz-et-aux-amandes\\\/#breadcrumb\",\"itemListElement\":[{\"@type\":\"ListItem\",\"position\":1,\"name\":\"Home\",\"item\":\"https:\\\/\\\/lafabbricadelpanforte.sviluppo.host\\\/fr\\\/la-fabrique-du-panforte\\\/\"},{\"@type\":\"ListItem\",\"position\":2,\"name\":\"Boutique\",\"item\":\"https:\\\/\\\/lafabbricadelpanforte.sviluppo.host\\\/fr\\\/boutique\\\/\"},{\"@type\":\"ListItem\",\"position\":3,\"name\":\"Biscuits au riz et aux amandes\"}]},{\"@type\":\"WebSite\",\"@id\":\"https:\\\/\\\/lafabbricadelpanforte.sviluppo.host\\\/fr\\\/#website\",\"url\":\"https:\\\/\\\/lafabbricadelpanforte.sviluppo.host\\\/fr\\\/\",\"name\":\"La Fabbrica del Panforte\",\"description\":\"Dolci tipici senesi\",\"publisher\":{\"@id\":\"https:\\\/\\\/lafabbricadelpanforte.sviluppo.host\\\/fr\\\/#organization\"},\"potentialAction\":[{\"@type\":\"SearchAction\",\"target\":{\"@type\":\"EntryPoint\",\"urlTemplate\":\"https:\\\/\\\/lafabbricadelpanforte.sviluppo.host\\\/fr\\\/?s={search_term_string}\"},\"query-input\":{\"@type\":\"PropertyValueSpecification\",\"valueRequired\":true,\"valueName\":\"search_term_string\"}}],\"inLanguage\":\"fr-FR\"},{\"@type\":\"Organization\",\"@id\":\"https:\\\/\\\/lafabbricadelpanforte.sviluppo.host\\\/fr\\\/#organization\",\"name\":\"La Fabbrica del Panforte\",\"url\":\"https:\\\/\\\/lafabbricadelpanforte.sviluppo.host\\\/fr\\\/\",\"logo\":{\"@type\":\"ImageObject\",\"inLanguage\":\"fr-FR\",\"@id\":\"https:\\\/\\\/lafabbricadelpanforte.sviluppo.host\\\/fr\\\/#\\\/schema\\\/logo\\\/image\\\/\",\"url\":\"https:\\\/\\\/lafabbricadelpanforte.sviluppo.host\\\/wp-content\\\/uploads\\\/2026\\\/06\\\/logo_laFabbricadelPanforte.webp\",\"contentUrl\":\"https:\\\/\\\/lafabbricadelpanforte.sviluppo.host\\\/wp-content\\\/uploads\\\/2026\\\/06\\\/logo_laFabbricadelPanforte.webp\",\"width\":2560,\"height\":1949,\"caption\":\"La Fabbrica del Panforte\"},\"image\":{\"@id\":\"https:\\\/\\\/lafabbricadelpanforte.sviluppo.host\\\/fr\\\/#\\\/schema\\\/logo\\\/image\\\/\"}}]}<\/script>\n<!-- \/ Yoast SEO plugin. -->","yoast_head_json":{"title":"Biscuits au riz et aux amandes - La Fabbrica del Panforte","robots":{"index":"index","follow":"follow","max-snippet":"max-snippet:-1","max-image-preview":"max-image-preview:large","max-video-preview":"max-video-preview:-1"},"canonical":"https:\/\/lafabbricadelpanforte.sviluppo.host\/fr\/prodotto\/biscuits-au-riz-et-aux-amandes\/","og_locale":"fr_FR","og_type":"article","og_title":"Biscuits au riz et aux amandes - La Fabbrica del Panforte","og_description":"Description","og_url":"https:\/\/lafabbricadelpanforte.sviluppo.host\/fr\/prodotto\/biscuits-au-riz-et-aux-amandes\/","og_site_name":"La Fabbrica del Panforte","article_modified_time":"2020-09-25T19:55:55+00:00","og_image":[{"width":1920,"height":1280,"url":"https:\/\/lafabbricadelpanforte.sviluppo.host\/wp-content\/uploads\/2020\/09\/101b-Biscotti-riso-e-mandorle.jpg","type":"image\/jpeg"}],"twitter_card":"summary_large_image","twitter_misc":{"Dur\u00e9e de lecture estim\u00e9e":"1 minute"},"schema":{"@context":"https:\/\/schema.org","@graph":[{"@type":"WebPage","@id":"https:\/\/lafabbricadelpanforte.sviluppo.host\/fr\/prodotto\/biscuits-au-riz-et-aux-amandes\/","url":"https:\/\/lafabbricadelpanforte.sviluppo.host\/fr\/prodotto\/biscuits-au-riz-et-aux-amandes\/","name":"Biscuits au riz et aux amandes - La Fabbrica del Panforte","isPartOf":{"@id":"https:\/\/lafabbricadelpanforte.sviluppo.host\/fr\/#website"},"primaryImageOfPage":{"@id":"https:\/\/lafabbricadelpanforte.sviluppo.host\/fr\/prodotto\/biscuits-au-riz-et-aux-amandes\/#primaryimage"},"image":{"@id":"https:\/\/lafabbricadelpanforte.sviluppo.host\/fr\/prodotto\/biscuits-au-riz-et-aux-amandes\/#primaryimage"},"thumbnailUrl":"https:\/\/lafabbricadelpanforte.sviluppo.host\/wp-content\/uploads\/2020\/09\/101b-Biscotti-riso-e-mandorle.jpg","datePublished":"2020-09-25T17:55:55+00:00","dateModified":"2020-09-25T19:55:55+00:00","breadcrumb":{"@id":"https:\/\/lafabbricadelpanforte.sviluppo.host\/fr\/prodotto\/biscuits-au-riz-et-aux-amandes\/#breadcrumb"},"inLanguage":"fr-FR","potentialAction":[{"@type":"ReadAction","target":["https:\/\/lafabbricadelpanforte.sviluppo.host\/fr\/prodotto\/biscuits-au-riz-et-aux-amandes\/"]}]},{"@type":"ImageObject","inLanguage":"fr-FR","@id":"https:\/\/lafabbricadelpanforte.sviluppo.host\/fr\/prodotto\/biscuits-au-riz-et-aux-amandes\/#primaryimage","url":"https:\/\/lafabbricadelpanforte.sviluppo.host\/wp-content\/uploads\/2020\/09\/101b-Biscotti-riso-e-mandorle.jpg","contentUrl":"https:\/\/lafabbricadelpanforte.sviluppo.host\/wp-content\/uploads\/2020\/09\/101b-Biscotti-riso-e-mandorle.jpg","width":1920,"height":1280},{"@type":"BreadcrumbList","@id":"https:\/\/lafabbricadelpanforte.sviluppo.host\/fr\/prodotto\/biscuits-au-riz-et-aux-amandes\/#breadcrumb","itemListElement":[{"@type":"ListItem","position":1,"name":"Home","item":"https:\/\/lafabbricadelpanforte.sviluppo.host\/fr\/la-fabrique-du-panforte\/"},{"@type":"ListItem","position":2,"name":"Boutique","item":"https:\/\/lafabbricadelpanforte.sviluppo.host\/fr\/boutique\/"},{"@type":"ListItem","position":3,"name":"Biscuits au riz et aux amandes"}]},{"@type":"WebSite","@id":"https:\/\/lafabbricadelpanforte.sviluppo.host\/fr\/#website","url":"https:\/\/lafabbricadelpanforte.sviluppo.host\/fr\/","name":"La Fabbrica del Panforte","description":"Dolci tipici senesi","publisher":{"@id":"https:\/\/lafabbricadelpanforte.sviluppo.host\/fr\/#organization"},"potentialAction":[{"@type":"SearchAction","target":{"@type":"EntryPoint","urlTemplate":"https:\/\/lafabbricadelpanforte.sviluppo.host\/fr\/?s={search_term_string}"},"query-input":{"@type":"PropertyValueSpecification","valueRequired":true,"valueName":"search_term_string"}}],"inLanguage":"fr-FR"},{"@type":"Organization","@id":"https:\/\/lafabbricadelpanforte.sviluppo.host\/fr\/#organization","name":"La Fabbrica del Panforte","url":"https:\/\/lafabbricadelpanforte.sviluppo.host\/fr\/","logo":{"@type":"ImageObject","inLanguage":"fr-FR","@id":"https:\/\/lafabbricadelpanforte.sviluppo.host\/fr\/#\/schema\/logo\/image\/","url":"https:\/\/lafabbricadelpanforte.sviluppo.host\/wp-content\/uploads\/2026\/06\/logo_laFabbricadelPanforte.webp","contentUrl":"https:\/\/lafabbricadelpanforte.sviluppo.host\/wp-content\/uploads\/2026\/06\/logo_laFabbricadelPanforte.webp","width":2560,"height":1949,"caption":"La Fabbrica del Panforte"},"image":{"@id":"https:\/\/lafabbricadelpanforte.sviluppo.host\/fr\/#\/schema\/logo\/image\/"}}]}},"_links":{"self":[{"href":"https:\/\/lafabbricadelpanforte.sviluppo.host\/fr\/wp-json\/wp\/v2\/product\/4857","targetHints":{"allow":["GET"]}}],"collection":[{"href":"https:\/\/lafabbricadelpanforte.sviluppo.host\/fr\/wp-json\/wp\/v2\/product"}],"about":[{"href":"https:\/\/lafabbricadelpanforte.sviluppo.host\/fr\/wp-json\/wp\/v2\/types\/product"}],"version-history":[{"count":0,"href":"https:\/\/lafabbricadelpanforte.sviluppo.host\/fr\/wp-json\/wp\/v2\/product\/4857\/revisions"}],"wp:featuredmedia":[{"embeddable":true,"href":"https:\/\/lafabbricadelpanforte.sviluppo.host\/fr\/wp-json\/wp\/v2\/media\/4858"}],"wp:attachment":[{"href":"https:\/\/lafabbricadelpanforte.sviluppo.host\/fr\/wp-json\/wp\/v2\/media?parent=4857"}],"wp:term":[{"taxonomy":"product_brand","embeddable":true,"href":"https:\/\/lafabbricadelpanforte.sviluppo.host\/fr\/wp-json\/wp\/v2\/product_brand?post=4857"},{"taxonomy":"product_cat","embeddable":true,"href":"https:\/\/lafabbricadelpanforte.sviluppo.host\/fr\/wp-json\/wp\/v2\/product_cat?post=4857"},{"taxonomy":"product_tag","embeddable":true,"href":"https:\/\/lafabbricadelpanforte.sviluppo.host\/fr\/wp-json\/wp\/v2\/product_tag?post=4857"}],"curies":[{"name":"wp","href":"https:\/\/api.w.org\/{rel}","templated":true}]}}

<p>Découvrez ou redécouvrez nos petits biscuits au riz et aux amandes, issus d&rsquo;une fabrication artisanale à partir de matières premières d&rsquo;excellente qualité, notamment du sucre, des œufs, du beurre, du riz et des amandes. Les amandes douces et amères que nous utilisons pour la préparation de ce biscuit sont de la meilleure qualité et sélectionnées à la main afin d’éviter toute impureté. Elles sont d’origine italienne, principalement des Pouilles, tendres, savoureuses et riches en huiles essentielles qui caractérisent leur parfum. La texture du biscuit est croustillante dès la première bouchée, mais grâce au beurre de première qualité, il fond immédiatement en bouche, libérant ainsi toute sa douceur.   </p>

<!-- This site is optimized with the Yoast SEO plugin v28.0 - https://yoast.com/product/yoast-seo-wordpress/ -->
<title>Biscuits au riz et aux amandes - La Fabbrica del Panforte</title>
<meta name="robots" content="index, follow, max-snippet:-1, max-image-preview:large, max-video-preview:-1" />
<link rel="canonical" href="https://lafabbricadelpanforte.sviluppo.host/fr/prodotto/biscuits-au-riz-et-aux-amandes/" />
<meta property="og:locale" content="fr_FR" />
<meta property="og:type" content="article" />
<meta property="og:title" content="Biscuits au riz et aux amandes - La Fabbrica del Panforte" />
<meta property="og:description" content="Description" />
<meta property="og:url" content="https://lafabbricadelpanforte.sviluppo.host/fr/prodotto/biscuits-au-riz-et-aux-amandes/" />
<meta property="og:site_name" content="La Fabbrica del Panforte" />
<meta property="article:modified_time" content="2020-09-25T19:55:55+00:00" />
<meta property="og:image" content="https://lafabbricadelpanforte.sviluppo.host/wp-content/uploads/2020/09/101b-Biscotti-riso-e-mandorle.jpg" />
	<meta property="og:image:width" content="1920" />
	<meta property="og:image:height" content="1280" />
	<meta property="og:image:type" content="image/jpeg" />
<meta name="twitter:card" content="summary_large_image" />
<meta name="twitter:label1" content="Durée de lecture estimée" />
	<meta name="twitter:data1" content="1 minute" />
<script type="application/ld+json" class="yoast-schema-graph">{"@context":"https:\/\/schema.org","@graph":[{"@type":"WebPage","@id":"https:\/\/lafabbricadelpanforte.sviluppo.host\/fr\/prodotto\/biscuits-au-riz-et-aux-amandes\/","url":"https:\/\/lafabbricadelpanforte.sviluppo.host\/fr\/prodotto\/biscuits-au-riz-et-aux-amandes\/","name":"Biscuits au riz et aux amandes - La Fabbrica del Panforte","isPartOf":{"@id":"https:\/\/lafabbricadelpanforte.sviluppo.host\/fr\/#website"},"primaryImageOfPage":{"@id":"https:\/\/lafabbricadelpanforte.sviluppo.host\/fr\/prodotto\/biscuits-au-riz-et-aux-amandes\/#primaryimage"},"image":{"@id":"https:\/\/lafabbricadelpanforte.sviluppo.host\/fr\/prodotto\/biscuits-au-riz-et-aux-amandes\/#primaryimage"},"thumbnailUrl":"https:\/\/lafabbricadelpanforte.sviluppo.host\/wp-content\/uploads\/2020\/09\/101b-Biscotti-riso-e-mandorle.jpg","datePublished":"2020-09-25T17:55:55+00:00","dateModified":"2020-09-25T19:55:55+00:00","breadcrumb":{"@id":"https:\/\/lafabbricadelpanforte.sviluppo.host\/fr\/prodotto\/biscuits-au-riz-et-aux-amandes\/#breadcrumb"},"inLanguage":"fr-FR","potentialAction":[{"@type":"ReadAction","target":["https:\/\/lafabbricadelpanforte.sviluppo.host\/fr\/prodotto\/biscuits-au-riz-et-aux-amandes\/"]}]},{"@type":"ImageObject","inLanguage":"fr-FR","@id":"https:\/\/lafabbricadelpanforte.sviluppo.host\/fr\/prodotto\/biscuits-au-riz-et-aux-amandes\/#primaryimage","url":"https:\/\/lafabbricadelpanforte.sviluppo.host\/wp-content\/uploads\/2020\/09\/101b-Biscotti-riso-e-mandorle.jpg","contentUrl":"https:\/\/lafabbricadelpanforte.sviluppo.host\/wp-content\/uploads\/2020\/09\/101b-Biscotti-riso-e-mandorle.jpg","width":1920,"height":1280},{"@type":"BreadcrumbList","@id":"https:\/\/lafabbricadelpanforte.sviluppo.host\/fr\/prodotto\/biscuits-au-riz-et-aux-amandes\/#breadcrumb","itemListElement":[{"@type":"ListItem","position":1,"name":"Home","item":"https:\/\/lafabbricadelpanforte.sviluppo.host\/fr\/la-fabrique-du-panforte\/"},{"@type":"ListItem","position":2,"name":"Boutique","item":"https:\/\/lafabbricadelpanforte.sviluppo.host\/fr\/boutique\/"},{"@type":"ListItem","position":3,"name":"Biscuits au riz et aux amandes"}]},{"@type":"WebSite","@id":"https:\/\/lafabbricadelpanforte.sviluppo.host\/fr\/#website","url":"https:\/\/lafabbricadelpanforte.sviluppo.host\/fr\/","name":"La Fabbrica del Panforte","description":"Dolci tipici senesi","publisher":{"@id":"https:\/\/lafabbricadelpanforte.sviluppo.host\/fr\/#organization"},"potentialAction":[{"@type":"SearchAction","target":{"@type":"EntryPoint","urlTemplate":"https:\/\/lafabbricadelpanforte.sviluppo.host\/fr\/?s={search_term_string}"},"query-input":{"@type":"PropertyValueSpecification","valueRequired":true,"valueName":"search_term_string"}}],"inLanguage":"fr-FR"},{"@type":"Organization","@id":"https:\/\/lafabbricadelpanforte.sviluppo.host\/fr\/#organization","name":"La Fabbrica del Panforte","url":"https:\/\/lafabbricadelpanforte.sviluppo.host\/fr\/","logo":{"@type":"ImageObject","inLanguage":"fr-FR","@id":"https:\/\/lafabbricadelpanforte.sviluppo.host\/fr\/#\/schema\/logo\/image\/","url":"https:\/\/lafabbricadelpanforte.sviluppo.host\/wp-content\/uploads\/2026\/06\/logo_laFabbricadelPanforte.webp","contentUrl":"https:\/\/lafabbricadelpanforte.sviluppo.host\/wp-content\/uploads\/2026\/06\/logo_laFabbricadelPanforte.webp","width":2560,"height":1949,"caption":"La Fabbrica del Panforte"},"image":{"@id":"https:\/\/lafabbricadelpanforte.sviluppo.host\/fr\/#\/schema\/logo\/image\/"}}]}</script>
<!-- / Yoast SEO plugin. -->
